 h = 2*t. Let c(d) = d**2. What is c(n)?
4
Let j(z) be the first derivative of -z**5/60 - 7*z**4/24 + 7*z**3/3 + z**2/2 - 27*z + 206. Let n(d) be the second derivative of j(d). What is n(-8)?
6
Let b(o) = o - 12. Suppose -r + 4 = 4*m, -5*m + 2 = 2*r - 0. Suppose 2*u + 2*z = -m*u + 36, 0 = z + 2. Give b(u).
-2
Let p = -73 - -72. Let d(j) = j**2 - 6 + 6 + 0*j**3 - 28*j + 30*j + 1 - 39*j**3. Give d(p).
39
Let x(s) = 20*s**2 + 10*s - 9. Let w = -5794 + 5795. What is x(w)?
21
Let n = 66 - 63. Let g(p) = 5*p + 146*p**n - 72*p**3 + 5*p**2 - 9 - 75*p**3. Give g(6).
-15
Let m be (638/(-44) + 14)*-4*1. Let b(y) be the second derivative of -7/2*y**m + 9*y - 1/6*y**3 + 0. Determine b(-6).
-1
Let g(q) = -q**2 - 2*q + 5. Let k be g(-4). Suppose o + f + 192 = 4*o, -f = 5*o - 312. Let c(p) = o*p - 35*p - 29*p. Give c(k).
3
Let t be 3/16 - 793/(-976). Let o(z) = -21*z**2 + 9*z - 7. Calculate o(t).
-19
Suppose -5*t - 4*z = 372 - 2350, -3*t + 2*z + 1200 = 0. Let u = -409 + t. Let b(d) = d + 14. Give b(u).
3
Let n(g) = 31*g - 244. Let q be n(8). Let x(y) = -1 - 10 + q*y + 3*y - 5 - 8*y. Calculate x(-10).
-6
Let v = 2186 - 2179. Let z(p) = -p**3 + 8*p**2 - 13*p + 51. Determine z(v).
9
Suppose -4*t = -3*c - 2, -11*c + 6*c - 5 = -5*t. Let n(j) = -j**2 + 1. Let d(l) = l**3 - 6*l**2 + 12*l - 11. Let a(w) = t*d(w) - 4*n(w). What is a(9)?
-20
Let o(m) be the first derivative of -m**4/4 + 5*m**3/3 - 3*m**2 - 2. Let z(p) = -91 - 35*p - 36*p + 90*p. Let c be z(5). Determine o(c).
-8
Suppose -u - 3*m + 7*m = 340, m - 2 = 0. Let r = 336 + u. Let o(j) = -3*j. Give o(r).
-12
Let b(n) = 21 - 1950*n + 1957*n + 2 - 9. Calculate b(-15).
-91
Let l = 757 + -451. Let p(s) = l*s**2 - 6 + 5 - 153*s**2 - 149*s**2 - s**3. Determine p(3).
8
Let r(v) = 12*v**2 + 45*v + 40. Let b be r(-2). Let c(j) = 4*j**3 + 4*j**2 + 2*j - 1. Determine c(b).
-21
Suppose 18*v - 13*v = 105. Suppose -32 = 4*g - 8*g. Let b(r) = g - 69*r + 25*r + v*r + 24*r. What is b(7)?
15
Let x(f) = 433*f**2 - 441*f**2 - 5*f + 14*f + f**3 - 32 - 3*f - 3*f. Determine x(8).
-8
Let u(l) be the third derivative of -l**4/24 + l**2. Let d be ((-2)/6 - -1)*114/(-19). Let r be (-82)/16 - ((-93)/(-24) + d). Calculate u(r).
5
Let n = 382 + -382. Let c(o) be the third derivative of 5*o**2 + 1/30*o**5 - 1/12*o**4 + n + 1/40*o**6 + 0*o + 1/6*o**3. Determine c(1).
4
Let o be 4/2*((-1648)/(-2266) - (-19)/(-11)). Let k(u) be the first derivative of 5*u**2/2 + u + 1. Calculate k(o).
-9
Let u(f) = f + 2. Let s(j) = 2*j + 12. Let i(g) = 2*s(g) - 2*u(g). What is i(-15)?
-10
Let q(g) be the second derivative of -1/12*g**4 + 0 - 29*g + 3/2*g**2 + 1/2*g**3. What is q(3)?
3
Let t be (-2*4/(-16))/((-1)/(-118)). Let k = 71 - t. Suppose -9*q = 57 - k. Let j(i) = i**2 + 6*i + 1. Calculate j(q).
-4
Suppose -4*k = -0*k + 12. Let y be 1*2*(-1111)/(-22). Let z(v) = 4 + 4*v**2 + 102*v**3 - v**2 + 5*v - y*v**3. Give z(k).
-11
Let v be ((-3)/(-2))/(2/4). Let y(a) = -v*a**2 + 2*a**2 + 4*a + a + 1 - a. Suppose -29*m - 22*m = -255. Calculate y(m).
-4
Let i(t) = t**3 + 5*t**2 - 4*t - 3. Suppose 22*p = 17*p + 30. Let d be p/(-3) + (1 + -41)*-2. Let k be d/(-14) - (-40)/70. Calculate i(k).
17
Let d(a) = -4*a**2 + 185351 + 2*a**3 - a**3 - 185357 - 23*a. Give d(7).
-20
Let r be -1 - 0 - -1 - -3. Let y(o) = 6*o**2 + 0 - 2 - o + r - 2. Let j = -759 - -758. Give y(j).
6
Suppose -10*t + 5*t - 5 = 4*w, -3*t = 5*w - 10. Let f(h) = -h**2 + 3*h + 19. Determine f(w).
9
Suppose -21 = -17*z - 89. Let y(u) = 3*u**3 + 9*u**2 + 7*u - 4. Let n(v) = 7*v**3 + 20*v**2 + 16*v - 8. Let l(r) = 2*n(r) - 5*y(r). Calculate l(z).
0
Let v(t) = -5*t. Let q(c) = 79*c - 17. Let g(h) = 52*h - 11. Let y(m) = -7*g(m) + 5*q(m). Let r(k) = -6*v(k) - y(k). Give r(5).
3
Let d(j) = 1 - 4 - 9*j - 3 - 8*j**2 - j**3. Suppose -4*x - w - 73 = x, 0 = -x + 5*w + 1. Let q be 3/(8 + -2)*x. What is d(q)?
8
Let f(g) = 4*g**3 + g**2 + 3*g - 4. Let b = -191 + 192. Let l(r) = r**3 - r**2 + r + 1. Let u(j) = b*f(j) - 3*l(j). Calculate u(-5).
-32
Let l(v) = 5*v + 5 - v**2 + 2*v**2 - 8*v + 0*v + 5*v. Let w = -1063 - -1067. Give l(w).
29
Let v(t) = 160*t + 6 - 84*t + 44 + t**2 - 4 - 61*t. Calculate v(-10).
-4
Let r(x) = 6*x**2 + 3*x + 3 - 24*x**2 + 4*x**2 - 22*x**2 - 22*x**2. What is r(-1)?
-58
Let b(d) = -d**3 + 17*d**2 - d + 8. Let s be b(17). Let m(v) = -3*v**2 - 22*v + 48. Let h be m(s). Let j(o) = -o**3 + 4*o**2 + o + 3. What is j(h)?
15
Let v(g) = -2*g**3 - 6*g**2 + 13*g + 5. Suppose -3*o - 7 = -4*o - k, -5*k = o - 7. Let r(p) = -p**3 - 3*p**2 + 7*p + 3. Let t(a) = o*r(a) - 4*v(a). Give t(2).
15
Let z(l) be the first derivative of 4*l**2 + 376*l + 5181. Calculate z(-47).
0
Let f(j) be the second derivative of -j**3/6 + 9*j**2/2 - 2*j. Let c(u) = 520*u - 3632. Let s be c(7). Give f(s).
1
Let o(l) = 74*l**3 + 6*l**2 - 41*l + 57. Let m(x) = -27*x**3 - 2*x**2 + 14*x - 19. Let d(n) = -11*m(n) - 4*o(n). What is d(2)?
1
Let g(l) = l**3 + 18*l**2 - 15*l + 81. Let z(n) = -n**2 + 128*n - 2671. Let i be z(26). What is g(i)?
5
Let p(i) be the third derivative of -4 - 17/6*i**3 - 1/60*i**5 + 0*i + 2*i**2 - 11/24*i**4. Calculate p(-10).
-7
Let o(a) = 28*a**2 + 2*a + 2. Let b(w) = -w**3 - 24*w**2 + 4*w + 95. Let h be b(-24). Determine o(h).
28
Let j be 44/(-20) - -3 - 4/5. Suppose 5*q - 4*l = 31, -4*q - 5*l = -j*q + 8. Let n be 5/((4 - q)*1). Let a(r) = r**3 - 4*r**2 - 3*r. Give a(n).
10
Suppose -11 = 5*d + 34. Let n(t) = 19*t**2 + 79*t + 1074. Let b(u) = 3*u**2 + 13*u + 165. Let k(m) = -13*b(m) + 2*n(m). Determine k(d).
21
Let y(m) = 20*m + 535. Let d(x) = -4*x - 97. Let q(c) = -11*d(c) - 2*y(c). Give q(2).
5
Suppose b + 12 = 5*d, 3 = -b + 3*b - d. Let o(j) = -2*j**2 + 9*j - 993 - 4*j - j**b + 997 + 0*j**2. What is o(-3)?
-2
Let t(s) = s**3 - 3*s**2 - 8*s + 3. Let v = 153 + -121. Suppose v*d - 86 = 74. What is t(d)?
13
Suppose -v = 4*v. Let n be (v - -2) + 5 + -8. Let y(b) = -13*b - 15. Let l(i) = -i - 3. Let a(r) = 10*l(r) - 2*y(r). Give a(n).
-16
Suppose 459 = -20956*y + 21007*y. Let s(v) = -3*v**2 - 12*v - 13. Let g(f) = 4*f**2 + 13*f + 13. Let i(p) = -4*g(p) - 5*s(p). What is i(y)?
4
Let u(t) = t**3 + 6*t**2 + 6*t + 1. Let v be (-7)/(28/40) - (-3 + -1). Let l(y) = -2*y + 3*y + 3*y - 8*y - 29. Let x be l(v). Determine u(x).
-4
Let s = -11223 + 11219. Let z(h) = h**2 - 3*h - 5. Calculate z(s).
23
Let j(r) be the second derivative of r**4/12 + 2*r**3 + 14*r**2 - 1562*r. Give j(-3).
1
Let r be (6/(-4))/((-18)/396). Let t be ((-88)/r)/(2/3). Let u(q) = -q + 1. Let y(v) = -v**2 - v. Let o(s) = 2*u(s) + 2*y(s). Determine o(t).
-14
Let k(r) be the first derivative of -2*r**3/3 - r**2/2 - 26*r - 605. Calculate k(0).
-26
Let w be 16/(-8)*(2 - 0). Let r be (w + 7)/(6/4). Suppose -5*g = -r + 32. Let d(v) = v**3 + 6*v**2 - 3. What is d(g)?
-3
Let c(a) = a**2 - 2*a. Let r(x) be the second derivative of x**4/3 - 2*x**3 + x**2 - 52*x - 2. Let f(n) = -5*c(n) + r(n). Determine f(-3).
-1
Let z(g) = -2*g + 4. Let f(m) = m. Let t(p) = 18*p - 7. Let j be t(2). Let k = j - 26. Let v(n) = k*f(n) + z(n). What is v(-7)?
-3
Let n(j) be the first derivative of -j**5/40 + j**4/12 + 48*j**3 - 149. Let c(y) be the third derivative of n(y). Let v be (-2)/4 - 5/(-2). Calculate c(v).
-4
Let b(a) = -2*a**3 + 7*a**2 - 19*a + 47. Let s = 22192 + -22189. What is b(s)?
-1
Let j(f) = 6 - f - f + 3*f. Let w be (55/22 + -3)/(245/60 + -4). Determine j(w).
0
Let f(r) = -r**2 - r + 100. Suppose -10*b - 3*m = -11*b - 26, -4*m = b - 9. Give f(b).
-10
Let z(s) = -s**3 + 5*s**2 + 9*s + 10. Let h(m) = -m**3 - 60*m**2 - 58*m + 64. Let p be h(-59). Determine z(p).
55
Let r = -117 + 116. Let a(s) = 19*s**2 - 8*s - 7. Give a(r).
20
Suppose -4*c + 1 = -7. Let n(k) = -14*k - c - k**2 + 7*k + 5*k + 3*k - 4*k. Suppose 6*g - 2*g = -20. Give n(g).
-12
Let n(h) = -9*h**2 - 30*h + 73. Let s(j) = -13*j**2 - 44*j + 105. Let f(g) = 10*n(g) - 7*s(g). What is f(-2)?
-17
Let a(g) = g**2 + 7. Suppose 0 = -54*y - y. What is a(y)?
7
Let u(d) = -2*d**3 - 41*d**2 - 4*d - 14. Let m(p) = -3*p**3 - 67*p**2 - 9*p - 29. Let v(h) = 3*m(h) - 5*u(h). What is v(-5)?
-7
Let x = 440 + -314. Let q = x + -120. Let d(w) = -w**2 + 5*w + 13. Calculate d(q).
7
Let t(s) = -6*s**2 - 35*s - 14. Let x(b) = 1 + b**2 - 1 + 7*b + 3. Let f(d) = 2*t(d) + 11*x(d). Suppose 18 = 3*q + 3*y, 5*q - 3*y = -137 + 175. Give f